{"id":2,"date":"2018-08-14T17:12:47","date_gmt":"2018-08-14T17:12:47","guid":{"rendered":"https:\/\/motelonly.co\/cupones\/?page_id=2"},"modified":"2023-03-09T00:01:30","modified_gmt":"2023-03-09T00:01:30","slug":"cupones","status":"publish","type":"page","link":"https:\/\/motelonly.co\/cupones\/","title":{"rendered":"Cupones de descuento Motel Only Itag\u00fc\u00ed"},"content":{"rendered":"<section class=\"wpb-content-wrapper\"><p>[vc_section][vc_row][vc_column][vc_custom_heading text=\u00bbCUPONES DE DESCUENTO<br \/>\nMOTEL ONLY ITAG\u00dc\u00cd\u00bb font_container=\u00bbtag:h1|text_align:center|color:%237f868c\u00bb use_theme_fonts=\u00bbyes\u00bb][\/vc_column][\/vc_row][vc_row css=\u00bb.vc_custom_1534370698664{padding-top: 0px !important;padding-right: 3% !important;padding-bottom: 3% !important;padding-left: 3% !important;}\u00bb][vc_column width=\u00bb1\/2&#8243;][vc_single_image image=\u00bb162&#8243; img_size=\u00bbfull\u00bb alignment=\u00bbcenter\u00bb][vc_btn title=\u00bbREG\u00cdSTRATE AQU\u00cd PARA CREAR EL CUP\u00d3N\u00bb style=\u00bbflat\u00bb color=\u00bbviolet\u00bb size=\u00bblg\u00bb align=\u00bbcenter\u00bb i_align=\u00bbright\u00bb i_icon_fontawesome=\u00bb\u00bb button_block=\u00bbtrue\u00bb add_icon=\u00bbtrue\u00bb link=\u00bburl:https%3A%2F%2Fmotelonly.co%2Fcupones%2F%3Fpage_id%3D7|||\u00bb][vc_column_text]<\/p>\n<h3 style=\"text-align: justify;\">Ingresa tu correo electr\u00f3nico y fecha de cumplea\u00f1os, recuerda que debes ser mayor de edad. Al completar el formulario obtendr\u00e1s el n\u00famero asignado. Te enviaremos un mensaje con el cup\u00f3n al email.<\/h3>\n<p>[\/vc_column_text][\/vc_column][vc_column width=\u00bb1\/2&#8243;][vc_custom_heading text=\u00bbPaso 1: Reg\u00edstrate es f\u00e1cil y r\u00e1pido\u00bb font_container=\u00bbtag:h2|text_align:left|color:%23ffffff\u00bb use_theme_fonts=\u00bbyes\u00bb css=\u00bb.vc_custom_1678320050455{background-color: #8d6dc4 !important;}\u00bb][vc_custom_heading text=\u00bbPaso 2: Impr\u00edmelo\u00bb font_container=\u00bbtag:h2|text_align:left|color:%23ffffff\u00bb use_theme_fonts=\u00bbyes\u00bb css=\u00bb.vc_custom_1678320063271{background-color: #8d6dc4 !important;}\u00bb][vc_custom_heading text=\u00bbPaso 3: Pres\u00e9ntalo impreso en el momento de pagar tu estad\u00eda\u00bb font_container=\u00bbtag:h2|text_align:left|color:%23ffffff\u00bb use_theme_fonts=\u00bbyes\u00bb css=\u00bb.vc_custom_1678320077359{background-color: #8d6dc4 !important;}\u00bb][vc_empty_space height=\u00bb20px\u00bb][vc_column_text]<\/p>\n<h3 style=\"text-align: justify;\">Descuento en hospedaje ocasional o amanecida en cualquiera de nuestras habitaciones.<\/h3>\n<h3 style=\"text-align: justify;\">20% pago en efectivo &#8211; 10% pago con tarjetas. Para ingreso desde el lunes 8 am hasta el viernes 7 am.<\/h3>\n<h3 style=\"text-align: justify;\">Aplica desde el mi\u00e9rcoles 8 de marzo 2023 hasta el jueves 30 de noviembre 2023.<\/h3>\n<p>[\/vc_column_text][\/vc_column][\/vc_row][\/vc_section]<\/p>\n<\/section>","protected":false},"excerpt":{"rendered":"<p>[vc_section][vc_row][vc_column][vc_custom_heading text=\u00bbCUPONES DE DESCUENTO MOTEL ONLY ITAG\u00dc\u00cd\u00bb font_container=\u00bbtag:h1|text_align:center|color:%237f868c\u00bb use_theme_fonts=\u00bbyes\u00bb][\/vc_column][\/vc_row][vc_row css=\u00bb.vc_custom_1534370698664{padding-top: 0px !important;padding-right: 3% !important;padding-bottom: 3% !important;padding-left: 3% !important;}\u00bb][vc_column width=\u00bb1\/2&#8243;][vc_single_image image=\u00bb162&#8243; img_size=\u00bbfull\u00bb alignment=\u00bbcenter\u00bb][vc_btn title=\u00bbREG\u00cdSTRATE AQU\u00cd PARA CREAR EL CUP\u00d3N\u00bb style=\u00bbflat\u00bb color=\u00bbviolet\u00bb size=\u00bblg\u00bb align=\u00bbcenter\u00bb i_align=\u00bbright\u00bb i_icon_fontawesome=\u00bb\u00bb button_block=\u00bbtrue\u00bb add_icon=\u00bbtrue\u00bb link=\u00bburl:https%3A%2F%2Fmotelonly.co%2Fcupones%2F%3Fpage_id%3D7|||\u00bb][vc_column_text] Ingresa tu correo electr\u00f3nico y fecha de cumplea\u00f1os, recuerda que debes ser mayor de edad. Al completar el [&hellip;]<\/p>\n","protected":false},"author":1,"featured_media":0,"parent":0,"menu_order":0,"comment_status":"closed","ping_status":"open","template":"","meta":[],"_links":{"self":[{"href":"https:\/\/motelonly.co\/cupones\/wp-json\/wp\/v2\/pages\/2"}],"collection":[{"href":"https:\/\/motelonly.co\/cupones\/wp-json\/wp\/v2\/pages"}],"about":[{"href":"https:\/\/motelonly.co\/cupones\/wp-json\/wp\/v2\/types\/page"}],"author":[{"embeddable":true,"href":"https:\/\/motelonly.co\/cupones\/wp-json\/wp\/v2\/users\/1"}],"replies":[{"embeddable":true,"href":"https:\/\/motelonly.co\/cupones\/wp-json\/wp\/v2\/comments?post=2"}],"version-history":[{"count":6,"href":"https:\/\/motelonly.co\/cupones\/wp-json\/wp\/v2\/pages\/2\/revisions"}],"predecessor-version":[{"id":165,"href":"https:\/\/motelonly.co\/cupones\/wp-json\/wp\/v2\/pages\/2\/revisions\/165"}],"wp:attachment":[{"href":"https:\/\/motelonly.co\/cupones\/wp-json\/wp\/v2\/media?parent=2"}],"curies":[{"name":"wp","href":"https:\/\/api.w.org\/{rel}","templated":true}]}}